). Suppose -8*o - c = -4*o. What is the units digit of (o/2)/(3/(-15))?
5
What is the hundreds digit of 11*1*(-115994)/(-1298)?
9
Suppose 4*o = 3*o + 8. Let b = o + -4. Suppose -b*d + 29 + 91 = 0. What is the units digit of d?
0
Let n be (-35)/3 - (-9)/(-27). Let m be (-3)/n + (-60)/(-16). Suppose -5*o + 45 = 4*q, -o + m*q = q + 10. What is the units digit of o?
5
What is the tens digit of 172868/64 - (-34)/(-544)?
0
Suppose 23*b - 27851 - 5660 = 0. What is the thousands digit of b?
1
Let x(u) = -82*u - 15. What is the tens digit of x(-3)?
3
Suppose 0 = s + 1 + 4, 4*b - 4*s = 1924. What is the units digit of b?
6
Suppose 3*u - n = 4, -20 = -4*u - 3*n + 7. Let x = u - -1. What is the tens digit of 36 - ((-5 - -3) + x)?
3
Let q = -65 + 37. What is the units digit of (-1 + 4)*(-1 - 2 - q)?
5
Suppose -23*i + 8*i = -6735. What is the hundreds digit of i?
4
Suppose 27*u - 30*u = -3. Let n(y) = 62*y**3 + 2*y**2 - 2*y + 1. What is the tens digit of n(u)?
6
Suppose 3 = -4*y + 3*g + 2, 0 = -y + g - 1. Suppose -5*d = -3*o + 26, 0*o + 4*o = -y*d. What is the tens digit of 37 + (o - (-16)/(-4))?
3
What is the units digit of (-6)/(-10) - 1722/(-205)?
9
Let k(y) = 8*y**3 - y**2 - 4*y + 3. Let l be (-8)/(2 - 4) + -2. Let b be k(l). Let r = b - 31. What is the tens digit of r?
2
Let i = 119 - 120. Let l(a) = -28*a - 4. What is the units digit of l(i)?
4
Let v(y) = -y**3 + 6*y**2 + y + 1. Let g be v(5). Suppose -35 = -2*n + g. What is the tens digit of n?
3
Suppose 0 = -l + 2 - 1. Suppose 2*k + l = 3. What is the tens digit of -2 + k - (-31 - -3)?
2
Suppose 5*c + 11 + 34 = 0. Let y(p) be the third derivative of -p**5/60 - 5*p**4/12 + p**3/3 - 4*p**2. What is the tens digit of y(c)?
1
Suppose -2*o = 14 + 4. Let x(q) be the second derivative of -q**5/20 - 2*q**4/3 + q**3 - 3*q**2/2 + 2*q. What is the units digit of x(o)?
4
Let v(y) = -y**2 + 4*y + 2. Let o be v(3). Let t = -5 - -9. Suppose 0 = -o*j - t*f + 126, 2*j - j - 4*f = 6. What is the tens digit of j?
2
Let a = 1000 - 677. What is the tens digit of a?
2
Let d = -2506 - -4077. What is the hundreds digit of d?
5
Let m = 39 + -63. Suppose 46 = -2*p + 2*q, 3*p - 4*q - 1 = -74. Let j = p - m. What is the units digit of j?
5
Let p(w) = -w**2 + 9*w - 11. Let z be p(8). Suppose -4*s + s = 18. Let r = z - s. What is the units digit of r?
3
Suppose -k = -53 + 66. What is the tens digit of (1 - k) + (-6 - -4)?
1
Let j(w) = 24*w + 219. What is the hundreds digit of j(47)?
3
What is the hundreds digit of ((-4970)/175)/((-2)/320)?
5
Let x(a) = 2*a**2 - 6*a - 10. Let b(j) = j**2 - j. Let y(n) = 5*b(n) - x(n). What is the units digit of y(3)?
0
Let j = 70 + -50. What is the tens digit of (-2)/(-20)*-6 - (-492)/j?
2
Let a(w) = 60*w**2 - 25*w - 3. What is the hundreds digit of a(-2)?
2
Suppose 265 = 11*m - 6*m. What is the units digit of m?
3
Let m(r) = 35*r - 4. Let l be m(10). Suppose 5*q - l = 299. What is the hundreds digit of q?
1
Let w be (22/(-4) + -1)*2. Let d = -11 - w. Suppose 143 = 4*a + 2*r + 37, d*r = -3*a + 78. What is the units digit of a?
8
Suppose -6*g + 26 = -166. Suppose 1062 = 10*u + g. What is the units digit of u?
3
Suppose 0 = -2*a + k + 5395, -6*a + 3*a - 5*k + 8086 = 0. What is the units digit of a?
7
Let y(v) = 294*v - 235. What is the hundreds digit of y(5)?
2
Suppose -5*j + 3 = -27. Suppose -j*i + 94 + 104 = 0. What is the tens digit of i?
3
Let a(d) = 4*d**2 + 16*d + 342. What is the hundreds digit of a(-13)?
8
Suppose -7*w + 1365 + 196 = 0. Let m = -105 + w. What is the units digit of m?
8
Let d = 3447 + -677. What is the hundreds digit of d?
7
Let v(u) = -u**3 - 23*u**2 + 2*u + 16. Let r be v(-23). Let j = 370 - 120. What is the tens digit of (j/r)/((-2)/6)?
2
Suppose 2*p - 6*w = -11*w + 731, -5*w = 3*p - 1104. Suppose 3*u - 962 + p = 4*s, 3*u + 4*s = 605. What is the hundreds digit of u?
1
Let r(w) = -w**3 + 8*w**2 - 4*w - 8. Suppose 0*u + 88 = 2*u. Suppose 0 = 2*b - 4*f + 4, -u = -0*b - 4*b - 5*f. What is the units digit of r(b)?
0
Let b = 1 - -23. Let g(a) = 11*a - 6. Let p be g(6). Let r = p - b. What is the units digit of r?
6
Suppose 0 = 4*f + 16*f - 980. What is the units digit of f?
9
Suppose -7*r + 2*r - 2*g + 47 = 0, -4*g - 49 = -3*r. Let o be (r/22)/(2/116). Let a = o + -4. What is the tens digit of a?
2
Suppose 0 = 8*p - 7158 + 1710. What is the tens digit of p?
8
Let u = 47 + -291. Let d be u/(-8)*(-1 + 3). Let m = d + -36. What is the tens digit of m?
2
Suppose 3*h = -2*h + 135. Suppose -d + 36 + h = -5*k, -71 = -d + k. What is the tens digit of d?
7
Let a(q) = -23*q + 2. Suppose 0 = -i - 13 - 23. Let g be (2/8)/(9/i). What is the tens digit of a(g)?
2
Let s(h) be the second derivative of 3*h**4/4 - h**3/3 + 3*h**2 - 8*h. What is the tens digit of s(4)?
4
Let f = -36 - -43. Suppose -f*q + 1235 - 24 = 0. What is the tens digit of q?
7
Suppose 0 = 4*x - 718 + 146. Let y = x - 88. What is the tens digit of y?
5
Let k be -4 - (-28 - (3 + 0)). Let f = -3 + k. What is the tens digit of f?
2
Suppose -5*k = v - 3018, 3*k - 14670 - 508 = -5*v. What is the units digit of v?
8
Let w(j) = 5*j + 10. Let t(d) = -11*d - 19. Let g(x) = -3*t(x) - 5*w(x). Let m(q) = 8*q + 6. Let b(i) = 4*g(i) - 5*m(i). What is the units digit of b(-1)?
6
Suppose j + 122 = 340. What is the units digit of j?
8
Let c(w) = -57*w + 2 - 5 + 4. What is the tens digit of c(-1)?
5
Suppose 3*g - 4*p = 4163, 2*p - 2016 = -3*g + 2135. What is the tens digit of g?
8
What is the hundreds digit of ((-35)/5 + 5)/((-3)/1758)?
1
Let m(i) = -i**2 - 14*i + 16. Let r be m(-19). What is the units digit of -6 - (-4 + 1) - r?
6
Let r(q) = q - 94. Let s be r(0). Suppose 5*a + 1096 = 13*a. Let x = s + a. What is the tens digit of x?
4
Suppose -32*k - 3971 = -3*u - 28*k, -4*k - 2650 = -2*u. What is the units digit of u?
1
Suppose 9*x - 12072 = -354. What is the units digit of x?
2
Let g(h) = -h**3 - 7*h**2 - 6*h + 3. Let a be g(-6). Suppose a*j - 2*j = 77. What is the units digit of j?
7
What is the tens digit of (60/16 - 3)/((-3)/(-804))?
0
Let v(q) = 11*q - 15. Let w(g) = -17*g + 22. Let u(r) = -7*v(r) - 5*w(r). Let z be u(3). Let c = z - -1. What is the tens digit of c?
2
Suppose -4*f = 2*i - f - 176, 4*i - 354 = -5*f. Suppose i + 109 = 5*v. What is the units digit of v?
0
Suppose -4*m + 96 = -2*a, 2*a + 201 = -3*a - 3*m. Let n be (-15)/(-5) + -4*16. Let y = a - n. What is the tens digit of y?
1
Suppose 4*p - 5 = -3*q, -13 = -4*p + q + 4*q. Let y be p/4*-22*8. Let m = -60 - y. What is the units digit of m?
8
Suppose -2*r - 42 = 5*r. What is the units digit of r/(-39) - 3175/(-65)?
9
Let m(b) = 2*b**2 + b. Let h be m(-2). Suppose -h*p = -4*t - 2*p + 412, -4 = 4*p. What is the tens digit of t?
0
Let j(p) = p - 13. Let u be j(10). Let k be u*(-4)/(-36)*-12. Suppose g + k = 45. What is the units digit of g?
1
Let f be ((-17)/2)/(2/(-4)). Let b = -12 + f. Let u = 12 + b. What is the tens digit of u?
1
Let z = 613 - 400. What is the hundreds digit of z?
2
Let f be 3 + (-1 + 3 - 1). Suppose -6 = -y - 3*g, 2*y - f*g - 21 = 1. Suppose -40 = 7*x - y*x. What is the units digit of x?
0
Suppose 0 = 10*f + 9*f - 9500. What is the tens digit of f?
0
Suppose 4*u + 2*u = 294. Let d = u + -24. What is the units digit of d?
5
Let d = -159 + 165. What is the units digit of d?
6
Let p(b) = b**3 + 9*b**2 + 3*b + 2. Suppose 39 - 24 = -5*x. Let u = -11 - x. What is the units digit of p(u)?
2
Let f(s) = 28*s**2 + s - 1. Let q = 10 - 9. What is the units digit of f(q)?
8
Suppose 84 = -3*u + 7*u. Let m = u + -23. What is the units digit of 24 + (-2 + m)/4?
3
Let t = 865 - 515. What is the tens digit of t?
5
Suppose 2*d + 12 = -12. What is the units digit of (34/d)/(4/(-64))*3?
6
Suppose -4*z - 864 = -b - 3171, 3*z + b = 1739. What is the hundreds digit of z?
5
Let x be (3/(-6))/(3/(-468)). Suppose 0 = -v + x + 210. Suppose 5*i - 2*u = 199 + 161, -4*u = -4*i + v. What is the tens digit of i?
7
Let z = 339 + 4039. What is the tens digit of z?
7
Suppose 0 = 8*b - 280 - 1512. Let g = b - 70. What is the hundreds digit of g?
1
Let y(q) = -1749*q**3 - q**2 - 3*q. What is the hundreds digit of y(-1)?
7
Let t(k) = k**2 - 16*k + 3. Let u be t(-6). Let b = u - 63. What is the units digit of b?
2
Let t(s) = -s**3 - 7*s**2 - 9*s - 7. Let b be t(-6). Let w be b + (-1)/2*2